nder when 653 is divided by 300?
53
What is the remainder when 3587 is divided by 97?
95
What is the remainder when 1438 is divided by 45?
43
What is the remainder when 245 is divided by 6?
5
Calculate the remainder when 32 is divided by 4.
0
What is the remainder when 46 is divided by 5?
1
What is the remainder when 559 is divided by 264?
31
What is the remainder when 3578 is divided by 18?
14
Calculate the remainder when 146 is divided by 9.
2
Calculate the remainder when 4490 is divided by 4.
2
Calculate the remainder when 6379 is divided by 22.
21
What is the remainder when 278 is divided by 73?
59
What is the remainder when 213 is divided by 21?
3
Calculate the remainder when 559 is divided by 14.
13
Calculate the remainder when 195 is divided by 97.
1
What is the remainder when 5417 is divided by 86?
85
Calculate the remainder when 16411 is divided by 22.
21
What is the remainder when 965 is divided by 8?
5
What is the remainder when 281 is divided by 27?
11
Calculate the remainder when 803 is divided by 24.
11
Calculate the remainder when 1082 is divided by 74.
46
Calculate the remainder when 1153 is divided by 21.
19
Calculate the remainder when 29 is divided by 25.
4
What is the remainder when 5036 is divided by 69?
68
What is the remainder when 269 is divided by 159?
110
Calculate the remainder when 815 is divided by 143.
100
What is the remainder when 708 is divided by 708?
0
What is the remainder when 172 is divided by 45?
37
Calculate the remainder when 372 is divided by 322.
50
What is the remainder when 12 is divided by 2?
0
Calculate the remainder when 193 is divided by 39.
37
What is the remainder when 92 is divided by 30?
2
Calculate the remainder when 162 is divided by 15.
12
Calculate the remainder when 357 is divided by 342.
15
Calculate the remainder when 132 is divided by 3.
0
Calculate the remainder when 622 is divided by 162.
136
Calculate the remainder when 5542 is divided by 66.
64
Calculate the remainder when 214 is divided by 75.
64
What is the remainder when 626 is divided by 257?
112
Calculate the remainder when 105 is divided by 12.
9
Calculate the remainder when 83 is divided by 17.
15
Calculate the remainder when 3666 is divided by 14.
12
What is the remainder when 383 is divided by 35?
33
Calculate the remainder when 191 is divided by 102.
89
Calculate the remainder when 83 is divided by 35.
13
Calculate the remainder when 882 is divided by 59.
56
Calculate the remainder when 240 is divided by 63.
51
Calculate the remainder when 519 is divided by 31.
23
Calculate the remainder when 347 is divided by 63.
32
Calculate the remainder when 869 is divided by 29.
28
What is the remainder when 179 is divided by 142?
37
What is the remainder when 65 is divided by 62?
3
What is the remainder when 1542 is divided by 258?
252
Calculate the remainder when 196 is divided by 32.
4
What is the remainder when 88 is divided by 35?
18
What is the remainder when 219 is divided by 10?
9
What is the remainder when 97 is divided by 11?
9
What is the remainder when 610 is divided by 23?
12
Calculate the remainder when 1424 is divided by 42.
38
What is the remainder when 53 is divided by 14?
11
What is the remainder when 254 is divided by 57?
26
Calculate the remainder when 2679 is divided by 6.
3
Calculate the remainder when 2541 is divided by 38.
33
What is the remainder when 828 is divided by 73?
25
What is the remainder when 1529 is divided by 223?
191
What is the remainder when 748 is divided by 125?
123
Calculate the remainder when 478 is divided by 15.
13
What is the remainder when 776 is divided by 10?
6
What is the remainder when 275 is divided by 91?
2
Calculate the remainder when 2675 is divided by 4.
3
Calculate the remainder when 370 is divided by 99.
73
Calculate the remainder when 2273 is divided by 325.
323
Calculate the remainder when 69 is divided by 9.
6
Calculate the remainder when 1138 is divided by 19.
17
Calculate the remainder when 39 is divided by 18.
3
What is the remainder when 146 is divided by 49?
48
Calculate the remainder when 1725 is divided by 193.
181
What is the remainder when 1765 is divided by 341?
60
Calculate the remainder when 286 is divided by 18.
16
What is the remainder when 1123 is divided by 58?
21
What is the remainder when 222 is divided by 56?
54
What is the remainder when 244 is divided by 40?
4
What is the remainder when 258 is divided by 74?
36
Calculate the remainder when 776 is divided by 13.
9
Calculate the remainder when 595 is divided by 60.
55
What is the remainder when 136 is divided by 95?
41
What is the remainder when 3018 is divided by 48?
42
What is the remainder when 92 is divided by 4?
0
What is the remainder when 73 is divided by 67?
6
What is the remainder when 340 is divided by 23?
18
What is the remainder when 19 is divided by 9?
1
Calculate the remainder when 84 is divided by 35.
14
Calculate the remainder when 15 is divided by 2.
1
Calculate the remainder when 68 is divided by 18.
14
What is the remainder when 1520 is divided by 255?
245
What is the remainder when 219 is divided by 38?
29
Calculate the remainder when 747 is divided by 271.
205
Calculate the remainder when 178 is divided by 6.
4
Calculate the remainder when 208 is divided by 18.
10
Calculate the remainder when 231 is divided by 18.
15
What is the remainder when 866 is divided by 31?
29
What is the remainder when 125 is divided by 14?
13
What is the remainder when 791 is divided by 24?
23
Calculate the remainder when 260 is divided by 11.
7
What is the remainder when 963 is divided by 121?
116
What is the remainder when 1892 is divided by 327?
257
What is the remainder when 390 is divided by 184?
22
What is the remainder when 9305 is divided by 9?
8
What is the remainder when 217 is divided by 44?
41
Calculate the remainder when 1504 is divided by 80.
64
Calculate the remainder when 76 is divided by 39.
37
Calculate the remainder when 1453 is divided by 145.
3
What is the remainder when 3297 is divided by 100?
97
Calculate the remainder when 49 is divided by 6.
1
Calculate the remainder when 270 is divided by 68.
66
What is the remainder when 102 is divided by 6?
0
Calculate the remainder when 4090 is divided by 1361.
7
Calculate the remainder when 2232 is divided by 22.
10
Calculate the remainder when 1368 is divided by 92.
80
Calculate the remainder when 654 is divided by 221.
212
Calculate the remainder when 498 is divided by 169.
160
Calculate the remainder when 13 is divided by 4.
1
What is the remainder when 158 is divided by 20?
18
What is the remainder when 1539 is divided by 33?
21
Calculate the remainder when 370 is divided by 64.
50
What is the remainder when 645 is divided by 54?
51
Calculate the remainder when 1053 is divided by 95.
8
Calculate the remainder when 1221 is divided by 36.
33
What is the remainder when 3487 is divided by 495?
22
Calculate the remainder when 654 is divided by 185.
99
Calculate the remainder when 66 is divided by 6.
0
What is the remainder when 103 is divided by 31?
10
Calculate the remainder when 80 is divided by 12.
8
What is the remainder when 45 is divided by 12?
9
What is the remainder when 144 is divided by 96?
48
What is the remainder when 104 is divided by 66?
38
Calculate the remainder when 3023 is divided by 159.
2
What is the remainder when 1417 is divided by 71?
68
Calculate the remainder when 9521 is divided by 23.
22
Calculate the remainder when 157 is divided by 24.
13
What is the remainder when 209 is divided by 3?
2
What is the remainder when 72 is divided by 31?
10
Calculate the remainder when 119 is divided by 21.
14
What is the remainder when 611 is divided by 207?
197
What is the remainder when 212 is divided by 67?
11
What is the remainder when 62 is divided by 18?
8
Calculate the remainder when 127 is divided by 58.
11
Calculate the remainder when 1129 is divided by 113.
112
Calculate the remainder when 149 is divided by 34.
13
What is the remainder when 22075 is divided by 14?
11
Calculate the remainder when 2182 is divided by 21.
19
Calculate the remainder when 61 is divided by 48.
13
What is the remainder when 70 is divided by 6?
4
What is the remainder when 3236 is divided by 54?
50
Calculate the remainder when 131 is divided by